{"id":124,"date":"2022-05-17T15:55:10","date_gmt":"2022-05-17T13:55:10","guid":{"rendered":"http:\/\/mikawado.com\/?page_id=124"},"modified":"2025-12-29T12:56:09","modified_gmt":"2025-12-29T11:56:09","slug":"jerome-pousset","status":"publish","type":"page","link":"http:\/\/mikawado.com\/index.php\/jerome-pousset\/","title":{"rendered":"J\u00e9r\u00f4me Pousset"},"content":{"rendered":"\n<p class=\"has-text-align-center\"><\/p>\n\n\n\n<div class=\"wp-block-columns\">\n<div class=\"wp-block-column\" style=\"flex-basis:100%\">\n<div class=\"wp-block-image is-style-default\"><figure class=\"aligncenter size-large is-resized\"><img loading=\"lazy\" src=\"http:\/\/mikawado.com\/wp-content\/uploads\/2025\/12\/PHOTO-2025-12-16-21-42-23-768x1024.jpg\" alt=\"\" class=\"wp-image-540\" width=\"601\" height=\"801\" srcset=\"http:\/\/mikawado.com\/wp-content\/uploads\/2025\/12\/PHOTO-2025-12-16-21-42-23-768x1024.jpg 768w, http:\/\/mikawado.com\/wp-content\/uploads\/2025\/12\/PHOTO-2025-12-16-21-42-23-225x300.jpg 225w, http:\/\/mikawado.com\/wp-content\/uploads\/2025\/12\/PHOTO-2025-12-16-21-42-23-1152x1536.jpg 1152w, http:\/\/mikawado.com\/wp-content\/uploads\/2025\/12\/PHOTO-2025-12-16-21-42-23.jpg 1200w\" sizes=\"(max-width: 601px) 100vw, 601px\" \/><figcaption><strong>Les cours sont dispens\u00e9s par JER\u00d4ME POUSSET, professeur haut grad\u00e9.<\/strong><\/figcaption><\/figure><\/div>\n\n\n\n<p><\/p>\n<\/div>\n<\/div>\n\n\n\n<p class=\"has-text-align-center\">Il d\u00e9bute le karat\u00e9 en 1981 sur l\u2019\u00eele de La R\u00e9union o\u00f9 il pratique le style Shotokan jusqu\u2019au grade de ceinture marron.<\/p>\n\n\n\n<p class=\"has-text-align-center\">Il s\u2019installe \u00e0 Vence en 1987 et il commence la pratique du style Wado Ryu au club Mikado. Comp\u00e9titeur combat et kata, il se tourne progressivement vers l\u2019enseignement.<\/p>\n\n\n\n<p class=\"has-text-align-center\">Il est le responsable technique du club Mikado depuis 2000.<\/p>\n\n\n\n<p class=\"has-text-align-center\"><strong><u>Grades<\/u><\/strong><\/p>\n\n\n\n<figure class=\"wp-block-image size-large is-resized\"><img loading=\"lazy\" src=\"http:\/\/mikawado.com\/wp-content\/uploads\/2025\/12\/6eme-Dan-1024x720.jpg\" alt=\"\" class=\"wp-image-547\" width=\"389\" height=\"273\" srcset=\"http:\/\/mikawado.com\/wp-content\/uploads\/2025\/12\/6eme-Dan-1024x720.jpg 1024w, http:\/\/mikawado.com\/wp-content\/uploads\/2025\/12\/6eme-Dan-300x211.jpg 300w, http:\/\/mikawado.com\/wp-content\/uploads\/2025\/12\/6eme-Dan-768x540.jpg 768w, http:\/\/mikawado.com\/wp-content\/uploads\/2025\/12\/6eme-Dan-1536x1080.jpg 1536w, http:\/\/mikawado.com\/wp-content\/uploads\/2025\/12\/6eme-Dan.jpg 1657w\" sizes=\"(max-width: 389px) 100vw, 389px\" \/><figcaption><strong>6\u00e8me DAN KARAT\u00c9 &#8211; FFKDA<\/strong><\/figcaption><\/figure>\n\n\n\n<figure class=\"wp-block-image size-large is-resized\"><img loading=\"lazy\" src=\"http:\/\/mikawado.com\/wp-content\/uploads\/2025\/12\/5eme-DAN-Wado-Ryu-1024x733.jpg\" alt=\"\" class=\"wp-image-549\" width=\"380\" height=\"272\" srcset=\"http:\/\/mikawado.com\/wp-content\/uploads\/2025\/12\/5eme-DAN-Wado-Ryu-1024x733.jpg 1024w, http:\/\/mikawado.com\/wp-content\/uploads\/2025\/12\/5eme-DAN-Wado-Ryu-300x215.jpg 300w, http:\/\/mikawado.com\/wp-content\/uploads\/2025\/12\/5eme-DAN-Wado-Ryu-768x550.jpg 768w, http:\/\/mikawado.com\/wp-content\/uploads\/2025\/12\/5eme-DAN-Wado-Ryu.jpg 1525w\" sizes=\"(max-width: 380px) 100vw, 380px\" \/><figcaption><strong>5<sup>\u00e8me<\/sup> DAN Japan Wado Ryu Renmei<\/strong><\/figcaption><\/figure>\n\n\n\n<figure class=\"wp-block-image size-large is-resized\"><img loading=\"lazy\" src=\"http:\/\/mikawado.com\/wp-content\/uploads\/2025\/12\/2eme-DAN-IAIDO.heic\" alt=\"\" class=\"wp-image-545\" width=\"381\" height=\"268\"\/><figcaption><strong>2\u00e8me DAN IAI DO<\/strong> &#8211; FFJDA<\/figcaption><\/figure>\n\n\n\n<p class=\"has-text-align-center\"><strong><u>Qualification<\/u><\/strong><\/p>\n\n\n\n<p class=\"has-text-align-center\">Professeur des \u00e9coles et Ma\u00eetre formateur de l\u2019\u00c9ducation Nationale<\/p>\n\n\n\n<figure class=\"wp-block-image size-large is-resized\"><img loading=\"lazy\" src=\"http:\/\/mikawado.com\/wp-content\/uploads\/2025\/12\/DEJEPS-1024x725.jpg\" alt=\"\" class=\"wp-image-555\" width=\"407\" height=\"287\" srcset=\"http:\/\/mikawado.com\/wp-content\/uploads\/2025\/12\/DEJEPS-1024x725.jpg 1024w, http:\/\/mikawado.com\/wp-content\/uploads\/2025\/12\/DEJEPS-300x212.jpg 300w, http:\/\/mikawado.com\/wp-content\/uploads\/2025\/12\/DEJEPS-768x544.jpg 768w, http:\/\/mikawado.com\/wp-content\/uploads\/2025\/12\/DEJEPS-1536x1087.jpg 1536w, http:\/\/mikawado.com\/wp-content\/uploads\/2025\/12\/DEJEPS.jpg 1755w\" sizes=\"(max-width: 407px) 100vw, 407px\" \/><figcaption><strong>DEJEPS KARAT\u00c9<\/strong><\/figcaption><\/figure>\n\n\n\n<figure class=\"wp-block-image size-large is-resized\"><img loading=\"lazy\" src=\"http:\/\/mikawado.com\/wp-content\/uploads\/2025\/12\/DU-sport-et-cancer-1024x725.jpg\" alt=\"\" class=\"wp-image-559\" width=\"397\" height=\"280\" srcset=\"http:\/\/mikawado.com\/wp-content\/uploads\/2025\/12\/DU-sport-et-cancer-1024x725.jpg 1024w, http:\/\/mikawado.com\/wp-content\/uploads\/2025\/12\/DU-sport-et-cancer-300x212.jpg 300w, http:\/\/mikawado.com\/wp-content\/uploads\/2025\/12\/DU-sport-et-cancer-768x544.jpg 768w, http:\/\/mikawado.com\/wp-content\/uploads\/2025\/12\/DU-sport-et-cancer-1536x1087.jpg 1536w, http:\/\/mikawado.com\/wp-content\/uploads\/2025\/12\/DU-sport-et-cancer.jpg 1755w\" sizes=\"(max-width: 397px) 100vw, 397px\" \/><figcaption><strong>DU \u00ab&nbsp;Sport et Cancer&nbsp;\u00bb de l\u2019universit\u00e9 Paris 13<\/strong><\/figcaption><\/figure>\n\n\n\n<p class=\"has-text-align-center\"><strong><u>Fonctions<\/u><\/strong><\/p>\n\n\n\n<p class=\"has-text-align-center\">Membre du comit\u00e9 directeur de la Wado Ryu Karat\u00e9 Do Acad\u00e9mie France<\/p>\n\n\n\n<p class=\"has-text-align-center\">Examinateur de Grades de la ligue c\u00f4te d\u2019azur de Karat\u00e9<\/p>\n","protected":false},"excerpt":{"rendered":"<p>Il d\u00e9bute le karat\u00e9 en 1981 sur l\u2019\u00eele de La R\u00e9union o\u00f9 il pratique le style Shotokan jusqu\u2019au grade de ceinture marron. Il s\u2019installe \u00e0 Vence en 1987 et il commence la pratique du style Wado Ryu au club Mikado. Comp\u00e9titeur combat et kata, il se tourne progressivement vers l\u2019enseignement. Il est le responsable technique [&hellip;]<\/p>\n","protected":false},"author":1,"featured_media":0,"parent":0,"menu_order":0,"comment_status":"closed","ping_status":"closed","template":"","meta":[],"_links":{"self":[{"href":"http:\/\/mikawado.com\/index.php\/wp-json\/wp\/v2\/pages\/124"}],"collection":[{"href":"http:\/\/mikawado.com\/index.php\/wp-json\/wp\/v2\/pages"}],"about":[{"href":"http:\/\/mikawado.com\/index.php\/wp-json\/wp\/v2\/types\/page"}],"author":[{"embeddable":true,"href":"http:\/\/mikawado.com\/index.php\/wp-json\/wp\/v2\/users\/1"}],"replies":[{"embeddable":true,"href":"http:\/\/mikawado.com\/index.php\/wp-json\/wp\/v2\/comments?post=124"}],"version-history":[{"count":17,"href":"http:\/\/mikawado.com\/index.php\/wp-json\/wp\/v2\/pages\/124\/revisions"}],"predecessor-version":[{"id":562,"href":"http:\/\/mikawado.com\/index.php\/wp-json\/wp\/v2\/pages\/124\/revisions\/562"}],"wp:attachment":[{"href":"http:\/\/mikawado.com\/index.php\/wp-json\/wp\/v2\/media?parent=124"}],"curies":[{"name":"wp","href":"https:\/\/api.w.org\/{rel}","templated":true}]}}

Jérôme Pousset

<p class="has-text-align-center"></p>



<div class="wp-block-columns">
<div class="wp-block-column" style="flex-basis:100%">
<div class="wp-block-image is-style-default"><figure class="aligncenter size-large is-resized"><img loading="lazy" src="http://mikawado.com/wp-content/uploads/2025/12/PHOTO-2025-12-16-21-42-23-768x1024.jpg" alt="" class="wp-image-540" width="601" height="801" srcset="http://mikawado.com/wp-content/uploads/2025/12/PHOTO-2025-12-16-21-42-23-768x1024.jpg 768w, http://mikawado.com/wp-content/uploads/2025/12/PHOTO-2025-12-16-21-42-23-225x300.jpg 225w, http://mikawado.com/wp-content/uploads/2025/12/PHOTO-2025-12-16-21-42-23-1152x1536.jpg 1152w, http://mikawado.com/wp-content/uploads/2025/12/PHOTO-2025-12-16-21-42-23.jpg 1200w" sizes="(max-width: 601px) 100vw, 601px" /><figcaption><strong>Les cours sont dispensés par JERÔME POUSSET, professeur haut gradé.</strong></figcaption></figure></div>



<p></p>
</div>
</div>



<p class="has-text-align-center">Il débute le karaté en 1981 sur l’île de La Réunion où il pratique le style Shotokan jusqu’au grade de ceinture marron.</p>



<p class="has-text-align-center">Il s’installe à Vence en 1987 et il commence la pratique du style Wado Ryu au club Mikado. Compétiteur combat et kata, il se tourne progressivement vers l’enseignement.</p>



<p class="has-text-align-center">Il est le responsable technique du club Mikado depuis 2000.</p>



<p class="has-text-align-center"><strong><u>Grades</u></strong></p>



<figure class="wp-block-image size-large is-resized"><img loading="lazy" src="http://mikawado.com/wp-content/uploads/2025/12/6eme-Dan-1024x720.jpg" alt="" class="wp-image-547" width="389" height="273" srcset="http://mikawado.com/wp-content/uploads/2025/12/6eme-Dan-1024x720.jpg 1024w, http://mikawado.com/wp-content/uploads/2025/12/6eme-Dan-300x211.jpg 300w, http://mikawado.com/wp-content/uploads/2025/12/6eme-Dan-768x540.jpg 768w, http://mikawado.com/wp-content/uploads/2025/12/6eme-Dan-1536x1080.jpg 1536w, http://mikawado.com/wp-content/uploads/2025/12/6eme-Dan.jpg 1657w" sizes="(max-width: 389px) 100vw, 389px" /><figcaption><strong>6ème DAN KARATÉ &#8211; FFKDA</strong></figcaption></figure>



<figure class="wp-block-image size-large is-resized"><img loading="lazy" src="http://mikawado.com/wp-content/uploads/2025/12/5eme-DAN-Wado-Ryu-1024x733.jpg" alt="" class="wp-image-549" width="380" height="272" srcset="http://mikawado.com/wp-content/uploads/2025/12/5eme-DAN-Wado-Ryu-1024x733.jpg 1024w, http://mikawado.com/wp-content/uploads/2025/12/5eme-DAN-Wado-Ryu-300x215.jpg 300w, http://mikawado.com/wp-content/uploads/2025/12/5eme-DAN-Wado-Ryu-768x550.jpg 768w, http://mikawado.com/wp-content/uploads/2025/12/5eme-DAN-Wado-Ryu.jpg 1525w" sizes="(max-width: 380px) 100vw, 380px" /><figcaption><strong>5<sup>ème</sup> DAN Japan Wado Ryu Renmei</strong></figcaption></figure>



<figure class="wp-block-image size-large is-resized"><img loading="lazy" src="http://mikawado.com/wp-content/uploads/2025/12/2eme-DAN-IAIDO.heic" alt="" class="wp-image-545" width="381" height="268"/><figcaption><strong>2ème DAN IAI DO</strong> &#8211; FFJDA</figcaption></figure>



<p class="has-text-align-center"><strong><u>Qualification</u></strong></p>



<p class="has-text-align-center">Professeur des écoles et Maître formateur de l’Éducation Nationale</p>



<figure class="wp-block-image size-large is-resized"><img loading="lazy" src="http://mikawado.com/wp-content/uploads/2025/12/DEJEPS-1024x725.jpg" alt="" class="wp-image-555" width="407" height="287" srcset="http://mikawado.com/wp-content/uploads/2025/12/DEJEPS-1024x725.jpg 1024w, http://mikawado.com/wp-content/uploads/2025/12/DEJEPS-300x212.jpg 300w, http://mikawado.com/wp-content/uploads/2025/12/DEJEPS-768x544.jpg 768w, http://mikawado.com/wp-content/uploads/2025/12/DEJEPS-1536x1087.jpg 1536w, http://mikawado.com/wp-content/uploads/2025/12/DEJEPS.jpg 1755w" sizes="(max-width: 407px) 100vw, 407px" /><figcaption><strong>DEJEPS KARATÉ</strong></figcaption></figure>



<figure class="wp-block-image size-large is-resized"><img loading="lazy" src="http://mikawado.com/wp-content/uploads/2025/12/DU-sport-et-cancer-1024x725.jpg" alt="" class="wp-image-559" width="397" height="280" srcset="http://mikawado.com/wp-content/uploads/2025/12/DU-sport-et-cancer-1024x725.jpg 1024w, http://mikawado.com/wp-content/uploads/2025/12/DU-sport-et-cancer-300x212.jpg 300w, http://mikawado.com/wp-content/uploads/2025/12/DU-sport-et-cancer-768x544.jpg 768w, http://mikawado.com/wp-content/uploads/2025/12/DU-sport-et-cancer-1536x1087.jpg 1536w, http://mikawado.com/wp-content/uploads/2025/12/DU-sport-et-cancer.jpg 1755w" sizes="(max-width: 397px) 100vw, 397px" /><figcaption><strong>DU «&nbsp;Sport et Cancer&nbsp;» de l’université Paris 13</strong></figcaption></figure>



<p class="has-text-align-center"><strong><u>Fonctions</u></strong></p>



<p class="has-text-align-center">Membre du comité directeur de la Wado Ryu Karaté Do Académie France</p>



<p class="has-text-align-center">Examinateur de Grades de la ligue côte d’azur de Karaté</p>

<p>Il débute le karaté en 1981 sur l’île de La Réunion où il pratique le style Shotokan jusqu’au grade de ceinture marron. Il s’installe à Vence en 1987 et il commence la pratique du style Wado Ryu au club Mikado. Compétiteur combat et kata, il se tourne progressivement vers l’enseignement. Il est le responsable technique [&hellip;]</p>
